 y.
5, 13
Let b be 164/12 + 1/3. Suppose -b*r + 9*r + 30 = 0. What are the prime factors of (32 + -5)/(r/8)?
2, 3
Let r(g) = -7629*g + 1771. What are the prime factors of r(-5)?
2, 17, 587
Suppose -o + 2*q + 3 - 9 = 0, -q = -4*o - 24. List the prime factors of (-24)/(o + 2) - -561.
3, 7
Suppose 0 = -8*t - 1853 + 477. Let j = -113 - t. List the prime factors of (-1 - -2)*j*(2 - 1).
59
Suppose 15488 = 28*k - 29*k. List the prime factors of k/(-56) + 4 + (-4)/7.
2, 5, 7
Suppose 12*m = 11*m + 4. Suppose -m*k - k = 5*r - 30, -4*r = -2*k - 12. List the prime factors of (r/6)/(455/453 - 1).
151
Let d = -135 + 191. Suppose 5*w - 5*a + 10 = 0, 16 = 4*w - 0*a + 2*a. Suppose 310 - d = w*t. What are the prime factors of t?
127
Suppose l + 1134 = -17*l. What are the prime factors of (-8)/14 + ((-93420)/l)/5?
2, 37
Let s(j) = 169*j**3 + j**2 - j. Let i(g) = -6*g + 19. Let z(d) = d**3 + 6*d**2 + d + 9. Let m be z(-6). Let a be i(m). What are the prime factors of s(a)?
13
Let b(d) = -495*d - 852. What are the prime factors of b(-12)?
2, 3, 53
Let b = -2867 + 14513. What are the prime factors of b?
2, 3, 647
Let h(b) = 4*b**3 - 11*b**2 + 4*b + 1. Let t = -22 - -24. Suppose 8 = 6*r - 3*r + 4*f, t*r - 10 = 2*f. What are the prime factors of h(r)?
97
Suppose 4 + 4 = c. Let d(w) = -7*w + 1. Let j(p) = -31*p - 45. Let v(o) = 2*d(o) - j(o). What are the prime factors of v(c)?
3, 61
Let v(c) = 14*c**2 - 3*c + 1. Let y be (-87)/4 - 3/8*-2. Let n = y - -23. What are the prime factors of v(n)?
3, 17
Suppose -5*b = -2*n + 10, -11*n - 10 = -13*n - 5*b. Suppose n*l + 12210 = 20*l. List the prime factors of l.
2, 11, 37
Let q(v) = 3*v**3 - 64*v**2 + 24*v - 309. List the prime factors of q(26).
7, 11, 127
Let p be 22/77 + (-12)/(-7). Let o(b) = 10*b**3 + p + 7*b**3 - 5*b + 4*b**3. List the prime factors of o(2).
2, 5
Let z(i) be the second derivative of -3*i**3 + 142*i**2 - 81*i. What are the prime factors of z(0)?
2, 71
Suppose -123975 = -12*i - 27195. Suppose -i = -62*z + 38435. List the prime factors of z.
2, 3, 5
Suppose -6*z - 4*h + 941 = -z, 0 = -h + 4. Suppose -4*g + 1643 + z = 0. What are the prime factors of g?
457
Let z be 8/20 + 13/5. Let p(s) = s + 45. Let f be p(-31). Suppose x = z*x - f. What are the prime factors of x?
7
Let j(r) = 3*r**2 + 2*r. Let u be j(2). Let b(y) = u*y**2 + 5*y**2 + y - 20*y**2 + 10*y**3 + 3. What are the prime factors of b(2)?
89
Let c = 17 + -8. Suppose 20 + 16 = -c*z. What are the prime factors of (-4)/4*z - -13?
17
Let y(w) = w**3 - 3*w**2 - 15*w + 3. Let a be y(9). Suppose -5*b = -6*b + a. List the prime factors of b.
2, 3, 59
Suppose -1086 = -13*d + 2827. Let j = 508 - d. What are the prime factors of j?
3, 23
Let f(y) = -17*y + 10. Let j be f(-20). Suppose -2*v = 2*u - j, 2*u = -3*v + 324 + 197. Suppose 0 = -4*a + 197 + v. List the prime factors of a.
2, 23
Let p(s) = -s**2 - 12*s + 1. Let h be p(-10). Suppose -5*c + z + 5 = -4*c, 0 = c - 5*z - h. List the prime factors of (3 - c)*-71*(-4)/8.
71
Suppose 0 = -r - 5*f + 3041, 0 = 4*f - 14 + 22. What are the prime factors of r?
3, 113
Let y be 1*265/(5/(-1)). Let d = 48 + y. What are the prime factors of ((-10)/d)/((-6)/(-111))?
37
Let l(o) = -o**3 + 5*o**2 - 7*o + 5. Let n be l(2). Suppose -2*h = 3*g - 226, -238 = -n*g + 2*h - h. List the prime factors of g.
2, 3, 13
Suppose 11175 + 1663 = 4*j + 2*d, j + 5*d - 3178 = 0. What are the prime factors of j?
3, 7, 17
Let f = 10804 - 7679. List the prime factors of f.
5
Suppose -4*a - 119 = 2*q + 45, -3*q + 4*a = 276. Let t be (-29)/2*(-397 + 395). Let h = t - q. What are the prime factors of h?
3, 13
Let r(q) = 3*q**3 - 17*q**2 + 40*q + 34. What are the prime factors of r(11)?
2, 5, 241
Suppose q - 1 = 0, 4*k - 3*q + 12 + 7 = 0. Let f(z) = -8*z**2 + 6*z - 2. Let r be f(k). Let d = -94 - r. List the prime factors of d.
2, 3, 5
Let w(l) = l - 5. Let x be w(5). Let z be ((-12)/(-22))/((-12)/(-88)). Suppose x = -8*j + 4*j + z*f + 60, 15 = j + 3*f. What are the prime factors of j?
3, 5
Let r = -369 - -444. List the prime factors of (r/(-10) - -8)*2752.
2, 43
Let j(k) = 2205*k**3 - 9*k**2 + 2. List the prime factors of j(3).
2, 929
Let d be (1 - 10)*(30/(-6) - 262). Suppose 18*a = 7209 + d. List the prime factors of a.
2, 3, 89
Let d(b) = -57*b + 102. Let c(n) = 56*n - 102. Let i(w) = 5*c(w) + 4*d(w). What are the prime factors of i(10)?
2, 11, 19
List the prime factors of 12/14 - (1267605/(-119) + -21).
2, 3, 593
Let i = 63190 + -36701. What are the prime factors of i?
26489
Let m = -15045 + 21351. List the prime factors of m.
2, 3, 1051
Suppose 52*h + 4220 = 632. Let d be 2/((-1)/1) + -189. Let j = h - d. List the prime factors of j.
2, 61
Suppose 5*a + 3*i + 17 = 0, i = a + 6*i - 1. List the prime factors of 8/a*3*512/(-6).
2
Let q = 4207 - -31575. List the prime factors of q.
2, 17891
Let b(v) = 49*v**2 - 31*v + 5. Let d be b(8). Suppose 4*i + 2*f - d = 871, 4*i - 2*f = 3756. What are the prime factors of i?
2, 5, 47
Suppose -6*n - 49 = -139. What are the prime factors of (-9)/n*69*-10?
2, 3, 23
Let m be 1710/54*(3 - 0). Let j = -90 + m. What are the prime factors of 3*(j + 8/3)?
23
Let l = 26820 - 19090. What are the prime factors of l?
2, 5, 773
What are the prime factors of 38396/2 + 18*(-9)/(-27)?
2, 4801
Let d = -16806 - -22022. List the prime factors of d.
2, 163
Suppose 11*i - 20*i - 19062 = -12*i. What are the prime factors of i?
2, 3, 353
Let y = 993 - 706. Let m = 602 - y. List the prime factors of m.
3, 5, 7
Suppose -580*m + 37389352 = 64*m. What are the prime factors of m?
2, 7, 11, 13, 29
Let j = 1407 + -1416. Let u(c) be the first derivative of -c**3/3 - 15*c**2/2 - 31*c - 1. List the prime factors of u(j).
23
Let i(h) = 28*h**3 + 53*h**2 - 386*h + 12. List the prime factors of i(7).
9511
Let l(b) = 5*b + 56. Let a be l(-12). List the prime factors of -321*(-2)/a*6/(-9).
107
Suppose 6*i - 15*i = -117. Let c = i - 9. Suppose 0 = -c*n + 8 + 16. What are the prime factors of n?
2, 3
Suppose -13 = 3*l - 4*l - 3*i, -i - 91 = -4*l. Suppose 0 = 21*p - l*p + 56. What are the prime factors of p?
2, 7
Let y(s) = 401*s**2 + 47*s + 272. What are the prime factors of y(-5)?
2, 3, 13, 43
Let g(u) = -u**2 + 20*u - 34. Let i(h) be the second derivative of 5*h**3/3 - 3*h**2 - 8*h. Let c be i(2). What are the prime factors of g(c)?
2, 5
Suppose -4*o = 4*v - 44417 - 5479, 0 = -5*o + 2*v + 62384. List the prime factors of o.
2, 3119
Let v(u) be the first derivative of 8*u**2 - 48*u + 146. List the prime factors of v(26).
2, 23
Suppose -d + 5*d = -3*h + 1500, 0 = 2*d - 4*h - 728. Let l = -242 + d. What are the prime factors of l?
2, 5, 13
Suppose -52 = -5*x - 182. Let n = -29 - x. What are the prime factors of (-1 - n) + 11 + 3?
2
Let g(s) = 42*s**2 + 1. Suppose -10*y = -y + 108. Let x(d) = d**3 + 13*d**2 + 14*d + 23. Let t be x(y). What are the prime factors of g(t)?
43
Suppose 6 = -3*o, 5*l + 0*l = o + 12957. What are the prime factors of l?
2591
Let p be 3 + 12/(3 + 1). Suppose 2*b = p*b - 16. Let k(m) = -2*m + 14. What are the prime factors of k(b)?
2, 3
Let m(n) = -54*n - 40. Let g be m(-6). Let o = g - -141. List the prime factors of o.
5, 17
Suppose -3*p - 2*p + 20 = 0. Suppose -188 - 1012 = -p*t. Suppose -k + 4*k - t = 0. List the prime factors of k.
2, 5
Suppose 3*m + 0 = 3*d + 6, -4*d - 1 = 3*m. Let y be (5 - m)/(-4) + 2. List the prime factors of (-1 - -2)/(y/61).
61
Suppose -2*p = t - 5 - 7, -3*t + 3*p = 9. Let d be -5*(-66)/(-4) + t/(-4). Let k = d + 98. What are the prime factors of k?
3, 5
Let s = -176 + 171. Let b(m) = -184*m + 284. What are the prime factors of b(s)?
2, 7, 43
Suppose 20*w - 495 = 23*w. Let u be ((-1172)/6)/(2/(-3)). Let h = u + w. What are the prime factors of h?
2
What are the prime factors of (-20112)/(-2)*2/8*(-72)/(-36)?
2, 3, 419
Let j = 21607 + -15392. What are the prime factors of j?
5, 11, 113
What are the prime factors of (37 - 51521)*4/(-16)?
61, 211
Let h(q) be the second derivative of 5*q**4/3 - 11*q**3/6 + 7*q**2/2 - 40*q - 2. What are the prime factors of h(3)?
2, 7, 11
Let c = 103 - 98. Suppose -c + 21 = 4*f. Suppose f*v + 128 = 2*s, 5*s - v = 34 + 304. List the prime factors of s.
2, 17
Suppose 2*h - 13 + 3 = 0. Suppose 2*x + 3*f - 95 = 0, 3*x = -h*f + 2*f + 147. Let v = -28 + x. What are the 